. What is the greatest common factor of 385 and s?
35
Suppose -a = z - 1, -3*a + 4 = -3*z + 25. Let t = 112 + -65. Let g = t + -41. Calculate the highest common divisor of z and g.
2
Let z(k) = 13*k. Let x be z(10). Suppose 0 = 5*u - 7*u + x. Let c = -32 + u. Calculate the greatest common divisor of c and 11.
11
Suppose -6*z = -8*z + 2. Let f be (-2 + 3 + 1)*1. Suppose f*y + y - 6 = 0. Calculate the highest common divisor of y and z.
1
Let g(n) = -5*n**3 - 3*n**2 + 6*n + 5. Let p be g(-2). Calculate the greatest common factor of p and 189.
21
Let r = 6 - 4. Let h be ((-22)/(-33))/(0 + r/576). What is the highest common factor of 24 and h?
24
Let c(o) = -5*o - 37. Let i be c(-11). Calculate the highest common factor of 258 and i.
6
Suppose -38*i + 1063 = 151. Let c = -8 - -13. Suppose -3*s + 216 = 4*m, -188 = -c*s - 3*m + 172. Calculate the greatest common factor of s and i.
24
Let k(f) = 16*f + 89. Let a be k(2). Suppose -c = 2*u - 11, 5*c - c - 2*u - 44 = 0. What is the highest common divisor of a and c?
11
Let c(m) = 6*m**2 + 22*m - 29. Let j be c(-7). What is the greatest common factor of j and 37?
37
Let q(x) = -2*x**3 - 5*x**2 - 4. Let u be q(-4). Suppose 0 = 45*i - u*i - 72. Let r = 32 + -23. What is the highest common factor of i and r?
9
Suppose -8 - 12 = 4*m, a - 4*m = 23. What is the highest common divisor of a and 24?
3
Suppose w + 17 = -13. Let a = 15 - w. Suppose -2*r = o + 3*r - 30, -4*o + a = -5*r. What is the greatest common factor of o and 15?
15
Suppose -12 - 24 = -6*h. Suppose 0 = h*g + 31 - 235. Let a(b) = -305*b**3 + b**2 + b + 1. Let m be a(-1). Calculate the greatest common factor of g and m.
34
Suppose -4*u = -u - 81. Let d = -635 + 613. Let a = u + d. What is the greatest common factor of a and 1?
1
Let o = -175 - -210. What is the highest common divisor of o and 350?
35
Suppose 718 = -15*x + 1888. Calculate the greatest common divisor of 312 and x.
78
Let u(i) = i**3 + 5*i**2 - 3*i. Let t be u(-4). Let b be 387/7 + (-8)/t. Calculate the greatest common divisor of b and 22.
11
Let y(c) = c**2 + 24*c + 18. Let s be y(-26). Calculate the highest common factor of 42 and s.
14
Suppose -13*x - 29*x = -1176. Calculate the highest common divisor of x and 252.
28
Suppose -4*n + 184 = 4*n. Calculate the greatest common divisor of n and 253.
23
Suppose 0 = 2*z - 3*q - 71, 2*q + 2*q + 144 = 4*z. Calculate the highest common factor of z and 407.
37
Let l(w) = -w**3 + 4*w**2 + 4. Let u be l(4). Suppose 0 = 2*g + 41 - 65. What is the greatest common divisor of g and u?
4
Suppose 5*p + 746 = 4*g + 154, 5*g - 4*p = 731. What is the highest common divisor of 39 and g?
13
Suppose 145 - 222 = -7*z. What is the highest common factor of 33 and z?
11
Suppose 3*r + 65 = -34. Let o = -20 - r. Let q be 1345/15 + 4/3. What is the highest common factor of q and o?
13
Suppose 7*i - 43*i = -30528. Calculate the greatest common divisor of i and 16.
16
Let m = 2 - 1. Suppose -12 = 3*w - 18. Suppose -q = -w*q + 1. Calculate the greatest common factor of q and m.
1
Suppose -3*l + 5*l + 32 = 3*k, -5*l + 53 = 2*k. Suppose 78 = -2*f + 386. What is the highest common factor of f and k?
14
Let a(x) = 5*x**2 + 11*x + 6. Let z be 1*-2 - (-10)/25*-5. Let d be a(z). Calculate the greatest common divisor of 6 and d.
6
Let p = -140 - -167. What is the highest common divisor of 10 and p?
1
Let u(w) = 5*w - 7. Let c be u(2). Let r be (8 + 2)*(4 - c). What is the highest common divisor of r and 90?
10
Let h be (0 - 9)/((-10)/(31 - 1)). What is the highest common divisor of 324 and h?
27
Let p be (0 - 10)/(2*3/(-6)). Let u(c) = 1 - c**2 - 2*c + c**2 + 5*c**2. Let b be u(1). Calculate the highest common factor of b and p.
2
Suppose 4*a = -16, -2*a = -2*t - 7*a + 56. What is the greatest common factor of t and 646?
38
Let q = -70 + 71. What is the highest common divisor of q and 109?
1
Let q = 4 + 116. Suppose -32*g = -34*g + 60. What is the highest common factor of g and q?
30
Suppose -4*u - 5*q + 51 = 16, -u - 4*q = -17. What is the greatest common factor of u and 3?
1
Let x = -599 - -632. What is the highest common factor of x and 121?
11
Suppose 4*y = -3*h + 509, -h + 107 = 5*y - 59. Calculate the highest common divisor of 38 and h.
19
Let d(i) = -3*i + 17. Let o(t) = -2*t + 18. Let j(k) = -3*d(k) + 4*o(k). Let f be j(-8). Calculate the highest common divisor of 91 and f.
13
Suppose 735 = -1259*d + 1280*d. Calculate the greatest common divisor of 25 and d.
5
Suppose 0 = -f + g - 2 + 9, 0 = -3*f + 2*g + 17. Suppose 7*d = 2*d + 2*b + 446, -f*d + 276 = -4*b. What is the greatest common factor of d and 8?
8
Let y(b) = b**3 - b**2 - b + 21. Let o be y(0). Let p = o - 17. Let x be (p/6)/((-2)/(-270)). What is the highest common factor of 36 and x?
18
Let p be 4/(-18)*-9 - -302. What is the greatest common divisor of 95 and p?
19
Let f(q) = q**3 + 10*q**2 + q + 13. Suppose 4*l + 39 - 3 = 0. Let y = -1 + l. Let r be f(y). What is the highest common factor of 15 and r?
3
Let i = -8 - -2. Let n(l) = -l**2 - 10*l + 4. Let a be n(i). Suppose -3*h + 14 = -a. What is the highest common divisor of 126 and h?
14
Suppose 3*t + 3*o - 8 + 2 = 0, 2*o = 2*t. Let y be t + 4 - (1 + 2). Let s be (-2)/3 + (-40)/(-24). Calculate the greatest common factor of y and s.
1
Let t = -19 - -7. Let s be (-50)/t + (-6)/36. Suppose -s*z + 3*d + 346 = 0, -4*z = -5*d - 168 - 174. What is the greatest common factor of z and 22?
22
Suppose -89 = -t - 12. What is the highest common factor of t and 220?
11
Let g = 216 - 195. What is the highest common factor of 357 and g?
21
Let j be (2 + -2)/(-1 + 2). Let c be 0/(-2 + 4 + j). Suppose k - 2*k + 165 = c. What is the greatest common divisor of k and 15?
15
Let u = -123 - -227. Let r(n) = n + 10. Let s be r(3). What is the greatest common divisor of s and u?
13
Suppose 7*u - 9*u + 2*c + 62 = 0, -4*u + 119 = -5*c. Calculate the highest common divisor of u and 24.
12
Let o = 5820 + -1948. Calculate the greatest common factor of 121 and o.
121
Suppose r - 29 = 1. What is the greatest common divisor of 15 and r?
15
Let o(r) = 80*r + 64. Let u be o(1). What is the greatest common factor of u and 18?
18
Suppose -9*o + 194 = -346. Calculate the greatest common divisor of 276 and o.
12
Suppose 7*s = 18*s - 5269. Suppose 0*g = g - 4. Suppose -s = -g*a - j - 12, -5*a - 5*j = -580. What is the highest common factor of a and 13?
13
Let o = -1239 - -1271. Calculate the highest common factor of o and 8.
8
Suppose 0 = -3*n + 4*y + 24, -3*y + 26 + 7 = 2*n. What is the greatest common factor of n and 328?
4
Let z = -114 + 239. What is the greatest common factor of z and 100?
25
Let q(d) = 2*d**2 - 72*d - 189. Let z be q(39). What is the greatest common divisor of z and 60?
15
Suppose -15 = 35*j - 38*j. Suppose j*x = -0*h - 3*h + 62, 0 = -x + h + 14. Calculate the greatest common factor of 52 and x.
13
Let j = 7 - 4. Suppose -16 - 24 = -j*l - 2*t, 4*t = -l + 30. Let o be (-304)/76*10/(-4). What is the greatest common divisor of l and o?
10
Suppose -3*w + 4*w - 41 = 2*g, -5*w - 2*g + 193 = 0. Calculate the highest common factor of 65 and w.
13
Let c = -50 - -55. Suppose c*n - 2*n = 189. Calculate the greatest common divisor of n and 9.
9
Let z = 229 + 61. What is the highest common factor of z and 29?
29
Suppose m - 2*i + 8 + 8 = 0, -3 = -2*m - 3*i. Let v(q) = -q**3 - 5*q**2 + 2*q - 14. Let z be v(m). What is the greatest common factor of 30 and z?
10
Let i be (4/(-8))/(2/(-56)). Suppose -k - 356 = 3*p, -4*k - 814 = 5*p - 209. Let d = 229 + p. Calculate the greatest common divisor of d and i.
14
Let n = -84 - -204. Calculate the highest common factor of 504 and n.
24
Let b(d) be the second derivative of 9*d**3/2 - 13*d**2/2 - 22*d. Let q be b(4). What is the greatest common divisor of 38 and q?
19
Let y = -63 + 65. Let j be -42*(-15)/35*y. Let q = -20 + 29. What is the greatest common factor of q and j?
9
Let n(v) = 40*v**2 - 7*v - 5. Let g(m) = 20*m**2 - 4*m - 3. Let t(a) = -5*g(a) + 3*n(a). Let j be t(-1). Calculate the highest common factor of 35 and j.
7
Let c be 249/27 - -3 - 24/108. Suppose -79 + 7 = -3*t. What is the greatest common factor of t and c?
12
Suppose 0 = -2*a - 5*i + 26, 17 = -2*a + 5*a + 2*i. Let m be a + -1 - (3 - 148). Calculate the greatest common d